{"id":121,"date":"2018-07-24T08:06:16","date_gmt":"2018-07-24T08:06:16","guid":{"rendered":"https:\/\/www.deheson.com\/coto_caza\/?page_id=121"},"modified":"2018-09-07T17:08:27","modified_gmt":"2018-09-07T17:08:27","slug":"ojeo-de-perdiz","status":"publish","type":"page","link":"https:\/\/www.deheson.com\/coto_caza\/index.php\/ojeo-de-perdiz\/","title":{"rendered":"OJEO DE PERDIZ"},"content":{"rendered":"[vc_row][vc_column][rev_slider_vc alias=\u00bbslider2&#8243;][\/vc_column][\/vc_row]\n  <section class=\"section\" id=\"section_959458569\">\n      <div class=\"bg section-bg fill bg-fill  \" >\n\n        \n        <div class=\"section-bg-overlay absolute fill\"><\/div>\n        \n        \n        \n        \n\n      <\/div><!-- .section-bg -->\n\n      <div class=\"section-content relative\">\n        \n<div class=\"row align-center\"  id=\"row-1948946476\">\n<div class=\"col medium-10 small-12 large-10\"  ><div class=\"col-inner text-center text-shadow-2 dark\"  >\n<h2 class=\"uppercase\">caza de perdiz roja espa\u00f1ola<\/h2>\n<p><span style=\"font-size: 140%;\">Desde los inicios, la familia Barcel\u00f3 ha contribuido a la cr\u00eda de la Perdiz Roja, siendo un referente a nivel nacional.<\/span><\/p>\n<\/div><\/div>\n\n<style scope=\"scope\">\n\n<\/style>\n<\/div>\n      <\/div><!-- .section-content -->\n\n      \n<style scope=\"scope\">\n\n#section_959458569 {\n  padding-top: 60px;\n  padding-bottom: 60px;\n  min-height: 700px;\n  background-color: rgb(245, 245, 245);\n}\n#section_959458569 .section-bg-overlay {\n  background-color: rgba(0,0,0,.5);\n}\n#section_959458569 .section-bg.bg-loaded {\n  background-image: url(https:\/\/www.deheson.com\/coto_caza\/wp-content\/uploads\/2018\/08\/88393837.jpg);\n}\n<\/style>\n  <\/section>\n  \n  <section class=\"section dark has-mask mask-arrow\" id=\"section_1902514743\">\n      <div class=\"bg section-bg fill bg-fill  bg-loaded\" >\n\n        \n        <div class=\"section-bg-overlay absolute fill\"><\/div>\n        \n        \n        \n        \n\t<div class=\"is-border\"\n\t\tstyle=\"border-color:rgb(235, 235, 235);border-width:1px 0px 0px 0px;\">\n\t<\/div>\n\n      <\/div><!-- .section-bg -->\n\n      <div class=\"section-content relative\">\n        \n<div class=\"row\"  id=\"row-1429323965\">\n<div class=\"col medium-4 small-12 large-4\"  ><div class=\"col-inner text-shadow-2\"  >\n<h2 class=\"uppercase\">OJEO DE PERDIZ<\/h2>\n<p>Hace casi 50 a\u00f1os, el propietario fundador de la Finca El Dehes\u00f3n D. Mariano Barcel\u00f3 decidi\u00f3 dedicar la totalidad de la finca al desarrollo de la brava Perdiz Roja espa\u00f1ola, con unas grandes inversiones y poniendo en ello todo su esfuerzo personal.El resultado de este enorme esfuerzo es que en la actualidad, hay miles de perdices en la finca.<\/p>\n<\/div><\/div>\n<div class=\"col medium-4 small-12 large-4\"  ><div class=\"col-inner text-shadow-2\"  >\n<p>Para esta modalidad de caza, cada cliente deber\u00e1 tener dos escopetas, para que mientras \u00e9l dispara con una, el secretario le cargue la otra. En cada d\u00eda se realizan cinco ojeos en diferentes zonas de la finca. Debido a la extensi\u00f3n de la finca, podemos ofrecer hasta tres d\u00edas consecutivos de caza, sin repetir ning\u00fan ojeo. Toda la operaci\u00f3n la dirige personalmente el propietario, para poder garantizar el \u00e9xito de cada d\u00eda de caza.<\/p>\n<\/div><\/div>\n<div class=\"col medium-4 small-12 large-4\"  ><div class=\"col-inner text-shadow-2\"  >\n<p>La caza se realiza en la modalidad espa\u00f1ola de \u201cOjeo\u201d y es realmente espectacular el ver como cientos de perdices vuelan por encima de cada cazador a gran velocidad, mientras el cliente dispara intentando abatir el mayor n\u00famero posible.<\/p>\n<p>Si est\u00e1 interesado en practicar este tipo de caza, no dude en ponerse en contacto con nosotros.<\/p>\n<\/div><\/div>\n<\/div>\n      <\/div><!-- .section-content -->\n\n      \n<style scope=\"scope\">\n\n#section_1902514743 {\n  padding-top: 59px;\n  padding-bottom: 59px;\n  min-height: 300px;\n  background-color: rgb(0, 0, 0);\n}\n#section_1902514743 .section-bg-overlay {\n  background-color: rgba(0, 0, 0, 0.4);\n}\n<\/style>\n  <\/section>\n  \n  <section class=\"section\" id=\"section_509890133\">\n      <div class=\"bg section-bg fill bg-fill  \" >\n\n        \n        \n        \n        \n        \n        \n\n      <\/div><!-- .section-bg -->\n\n      <div class=\"section-content relative\">\n        \n<div class=\"row align-center\"  id=\"row-1916533357\">\n<div class=\"col medium-10 small-12 large-10\"  ><div class=\"col-inner text-center text-shadow-2 dark\"  >\n<\/div><\/div>\n\n<style scope=\"scope\">\n\n<\/style>\n<\/div>\n      <\/div><!-- .section-content -->\n\n      \n<style scope=\"scope\">\n\n#section_509890133 {\n  padding-top: 60px;\n  padding-bottom: 60px;\n  min-height: 700px;\n  background-color: rgb(245, 245, 245);\n}\n#section_509890133 .section-bg.bg-loaded {\n  background-image: url(https:\/\/www.deheson.com\/coto_caza\/wp-content\/uploads\/2018\/08\/FOTO52-2.jpg);\n}\n<\/style>\n  <\/section>\n  \n<div class=\"gap-element\" style=\"display:block; height:auto; padding-top:30px\" class=\"clearfix\"><\/div>\n  <section class=\"section\" id=\"section_1991028755\">\n      <div class=\"bg section-bg fill bg-fill  \" >\n\n        \n        \n        \n        \n        \n        \n\n      <\/div><!-- .section-bg -->\n\n      <div class=\"section-content relative\">\n        \n<div class=\"row align-center\"  id=\"row-1496774966\">\n<div class=\"col medium-10 small-12 large-10\"  ><div class=\"col-inner text-center text-shadow-2 dark\"  >\n<\/div><\/div>\n\n<style scope=\"scope\">\n\n<\/style>\n<\/div>\n      <\/div><!-- .section-content -->\n\n      \n<style scope=\"scope\">\n\n#section_1991028755 {\n  padding-top: 60px;\n  padding-bottom: 60px;\n  min-height: 700px;\n  background-color: rgb(245, 245, 245);\n}\n#section_1991028755 .section-bg.bg-loaded {\n  background-image: url(https:\/\/www.deheson.com\/coto_caza\/wp-content\/uploads\/2018\/08\/77363.jpg);\n}\n<\/style>\n  <\/section>\n  \n<div class=\"gap-element\" style=\"display:block; height:auto; padding-top:30px\" class=\"clearfix\"><\/div>\n  <section class=\"section\" id=\"section_368257357\">\n      <div class=\"bg section-bg fill bg-fill  \" >\n\n        \n        \n        \n        \n        \n        \n\n      <\/div><!-- .section-bg -->\n\n      <div class=\"section-content relative\">\n        \n<div class=\"row align-center\"  id=\"row-94213575\">\n<div class=\"col medium-10 small-12 large-10\"  ><div class=\"col-inner text-center text-shadow-2 dark\"  >\n<\/div><\/div>\n\n<style scope=\"scope\">\n\n<\/style>\n<\/div>\n      <\/div><!-- .section-content -->\n\n      \n<style scope=\"scope\">\n\n#section_368257357 {\n  padding-top: 60px;\n  padding-bottom: 60px;\n  min-height: 700px;\n  background-color: rgb(245, 245, 245);\n}\n#section_368257357 .section-bg.bg-loaded {\n  background-image: url(https:\/\/www.deheson.com\/coto_caza\/wp-content\/uploads\/2018\/08\/FOTO44-2.jpg);\n}\n<\/style>\n  <\/section>\n  \n<div class=\"gap-element\" style=\"display:block; height:auto; padding-top:30px\" class=\"clearfix\"><\/div>\n  <section class=\"section\" id=\"section_846762829\">\n      <div class=\"bg section-bg fill bg-fill  \" >\n\n        \n        \n        \n        \n        \n        \n\n      <\/div><!-- .section-bg -->\n\n      <div class=\"section-content relative\">\n        \n<div class=\"row align-center\"  id=\"row-1365369576\">\n<div class=\"col medium-10 small-12 large-10\"  ><div class=\"col-inner text-center text-shadow-2 dark\"  >\n<\/div><\/div>\n\n<style scope=\"scope\">\n\n<\/style>\n<\/div>\n      <\/div><!-- .section-content -->\n\n      \n<style scope=\"scope\">\n\n#section_846762829 {\n  padding-top: 60px;\n  padding-bottom: 60px;\n  min-height: 700px;\n  background-color: rgb(245, 245, 245);\n}\n#section_846762829 .section-bg.bg-loaded {\n  background-image: url(https:\/\/www.deheson.com\/coto_caza\/wp-content\/uploads\/2018\/08\/perdiz_el_deheson.jpg);\n}\n<\/style>\n  <\/section>\n  \n","protected":false},"excerpt":{"rendered":"[vc_row][vc_column][rev_slider_vc alias=\u00bbslider2&#8243;][\/vc_column][\/vc_row]\n","protected":false},"author":1,"featured_media":0,"parent":0,"menu_order":0,"comment_status":"closed","ping_status":"closed","template":"page-transparent-header.php","meta":[],"_links":{"self":[{"href":"https:\/\/www.deheson.com\/coto_caza\/index.php\/wp-json\/wp\/v2\/pages\/121"}],"collection":[{"href":"https:\/\/www.deheson.com\/coto_caza\/index.php\/wp-json\/wp\/v2\/pages"}],"about":[{"href":"https:\/\/www.deheson.com\/coto_caza\/index.php\/wp-json\/wp\/v2\/types\/page"}],"author":[{"embeddable":true,"href":"https:\/\/www.deheson.com\/coto_caza\/index.php\/wp-json\/wp\/v2\/users\/1"}],"replies":[{"embeddable":true,"href":"https:\/\/www.deheson.com\/coto_caza\/index.php\/wp-json\/wp\/v2\/comments?post=121"}],"version-history":[{"count":20,"href":"https:\/\/www.deheson.com\/coto_caza\/index.php\/wp-json\/wp\/v2\/pages\/121\/revisions"}],"predecessor-version":[{"id":854,"href":"https:\/\/www.deheson.com\/coto_caza\/index.php\/wp-json\/wp\/v2\/pages\/121\/revisions\/854"}],"wp:attachment":[{"href":"https:\/\/www.deheson.com\/coto_caza\/index.php\/wp-json\/wp\/v2\/media?parent=121"}],"curies":[{"name":"wp","href":"https:\/\/api.w.org\/{rel}","templated":true}]}}